5*b**2 + 5*b + 10. Let w be d(6). Let i be (-3)/(-3) + -2 - -40. List the prime factors of -63*(w + i/(-9)).
3, 7
Let z(d) = 13*d + 18. What are the prime factors of z(8)?
2, 61
List the prime factors of 10946/9 - (168/54)/14.
2, 19
Let r = -148 + 406. What are the prime factors of r?
2, 3, 43
Let q(f) = -6*f**3 - 10*f**2 + f + 22. What are the prime factors of q(-7)?
1583
Suppose 0 = -304*b + 302*b + 1868. List the prime factors of b.
2, 467
Let w(c) = 4*c**3 + 7*c**2 - c - 34. What are the prime factors of w(5)?
2, 3, 53
Suppose 0*a + 5 = 5*a, j - 3*a = 0. Suppose -4*p = -n - 1, p + j*n + 2 = -1. Suppose 3*z + p*z = 159. What are the prime factors of z?
53
Let z(u) = -u**3 - u**2 + 2*u - 3. Suppose 0 = s - 5*c + 3, 0*c = s - c - 1. Let k = -1 - s. What are the prime factors of z(k)?
3
Suppose 12496 = 16*h - 0*h. Suppose -3*s + h = 169. What are the prime factors of s?
2, 3, 17
Let k = -24 + 43. Suppose k = 4*t + 7. Suppose -t*v - 2*v = -90. List the prime factors of v.
2, 3
Let n be 7/2 + 5/2 + -2. List the prime factors of 17 + 2/(n/(-2)).
2
Let z = 10 - 8. Suppose 284 = -3*v + 7*v - z*i, v - 71 = -2*i. List the prime factors of v.
71
Let r be -92 + ((-14)/3 - -4)*-6. Let p = r - -105. List the prime factors of p.
17
Suppose 146 = 3*k + 41. Let b = 264 - k. What are the prime factors of b?
229
Let g(r) = -r**3 - 13*r**2 - 2*r + 11. Suppose -1 = j - 5*t - 8, -t = j + 17. List the prime factors of g(j).
37
Let j(m) = 21*m + 2549. List the prime factors of j(0).
2549
Suppose -885 - 3300 = -t - 2*c, 3*t - 12555 = 3*c. What are the prime factors of t?
3, 5, 31
Let g(z) = -z**2 + 7*z - 6. Let x be (-10*(0 + -1))/2. Let a be g(x). Suppose 96 - 20 = a*c. What are the prime factors of c?
19
Let l be 4/5*20/8. Suppose -3*k - 4*c = -562, -k - 3*c = -l*k + 170. What are the prime factors of k?
2, 7, 13
Suppose 6*f - 4*f - 844 = -2*j, 2109 = 5*j + 4*f. What are the prime factors of j?
421
Let w = -1 + -7. List the prime factors of -6*76/w - -1.
2, 29
Let l(h) be the second derivative of -h**3/6 - h**2/2 + 13*h. Let s(v) = v**2 + 7*v + 5. Let x be s(-4). List the prime factors of l(x).
2, 3
Let o(p) = -p**2 + 13*p - 17. Let j be o(13). Let c = j + 23. List the prime factors of c.
2, 3
Suppose -62739 = -97*l - 14239. What are the prime factors of l?
2, 5
Suppose 4*y = -i + 3659 - 20, 5*i = -3*y + 2708. List the prime factors of y.
911
Suppose 20 = 2*t + 2. Suppose -t*y - 24 = -8*y. Let s = 11 - y. What are the prime factors of s?
5, 7
Suppose -21*p + 8 = -19*p. Suppose -234 = t - p*t. Suppose t = -2*g + 4*g. What are the prime factors of g?
3, 13
Let y(i) = -2*i + i - i**3 - 3*i**3 + 3*i**2 + 3*i**3. Let d be y(3). What are the prime factors of 2 - 1*2*d?
2
Let g(z) = -2*z + 1. Let f be g(-1). Suppose 2*m + 0*r + 23 = f*r, 4*r + 39 = -m. What are the prime factors of m/(-3*3/9)?
19
Let s = -330 - -462. List the prime factors of (-97)/(-11) + 24/s.
3
Suppose w - 3*w = -s - 243, -4*w - 2*s = -466. Suppose -8*u = -w - 41. List the prime factors of u.
2, 5
Let w = 5647 - 3872. Suppose 210 - w = -5*q. What are the prime factors of q?
313
Let j be ((-42)/15)/((-6)/15). Let r(h) = h + h**2 - j*h + 7*h + 4. List the prime factors of r(5).
2, 17
Let i = 4 + 9. Suppose -3*l + 5*r - 35 = 0, -5*l - i = 4*r - 4. Let f = 18 - l. What are the prime factors of f?
23
Let u be (0 - -2) + 3 + -5. Let z(h) = -4 + h**2 + 1 - 5*h + u*h + 0*h. List the prime factors of z(-3).
3, 7
Let f(n) be the first derivative of 3*n**3 + 1/4*n**4 + 8*n - 5 - 5*n**2. List the prime factors of f(-10).
2
Suppose -5*x + j = -13298, -5*x - 27*j + 13292 = -31*j. What are the prime factors of x?
2, 5, 7, 19
Let o be ((-15)/6 + 4)*58. Suppose 2*p - 39 = o. List the prime factors of p.
3, 7
List the prime factors of (670/(-1 - 0))/(-2).
5, 67
Let c(p) be the second derivative of -p**3/3 + 5*p**2 + 5*p. Let y be c(6). What are the prime factors of 2/4*y - -24?
23
Suppose -3*s - 4*y = -540, 180 = s - 5*y + y. Suppose 3*k = -0*k + s. List the prime factors of k.
2, 3, 5
Let r = -23 - -25. Suppose -r*f - 80 = -2*g, 4*g - 2*g + f = 74. What are the prime factors of g?
2, 19
Let a(z) = 2*z**3 - 2*z**2 + 6*z - 1. Let k be a(5). Suppose 2*t - k = 321. Suppose 14*p - t = 9*p. List the prime factors of p.
5, 11
Let q = -1 - -15. Let v be (-2)/((q/(-4))/7). Let z = 7 - v. What are the prime factors of z?
3
Suppose 8*n - 6*n = -144. Let h = n + 120. Suppose -33 - h = -3*q. List the prime factors of q.
3
Let a = -320 + 499. What are the prime factors of a?
179
Let w(k) = k**3 + 5*k**2 + 3. Let o be w(-5). Let j = 343 - 204. Suppose o*r - 107 = -5*c, -4*r - c = 19 - j. What are the prime factors of r?
29
Let r(d) = -6*d + 47. Let a be r(8). List the prime factors of ((-1020)/(1 - a))/((-3)/2).
2, 5, 17
Suppose -g - 5*j + 82 = 0, 8*g - 378 = 4*g + 5*j. List the prime factors of (-2)/(-1)*g/8.
23
Let i(v) = 35*v + 56. What are the prime factors of i(12)?
2, 7, 17
Let l(h) be the first derivative of h**4/4 - 5*h**3 + h**2 - 27*h - 16. List the prime factors of l(16).
3, 29
Let g(b) = 341*b - 109. What are the prime factors of g(7)?
2, 17, 67
Let p(i) = i**2 - 12*i - 4. Let t be p(9). Let b = 22 + t. What are the prime factors of (-573)/(-12) - b/(-12)?
47
Suppose 5*f = 25 - 15. Suppose f*y + 3*w - w - 30 = 0, 5*w = -y - 5. List the prime factors of y.
2, 5
Let q = -42 + 42. Suppose -4*h + 3*z + 819 = 192, 5*h + 4*z - 745 = q. List the prime factors of h.
3, 17
Suppose 0 = 4*r - 4*j - 8636, -5*r + 2*j - 2894 = -13674. What are the prime factors of r?
2, 3, 359
Let l be 1/2 - (-4715)/(-10). Let b = -267 - l. List the prime factors of b.
2, 3, 17
Suppose -19*z = -13*z - 24. Suppose 4*a - 96 = 2*a - 4*d, z*a = 3*d + 192. List the prime factors of a.
2, 3
Let j(s) = s**2 - 2*s - 23. Let k(o) = 3*o - 45. Let m be k(11). List the prime factors of j(m).
5, 29
What are the prime factors of 271515/50 - 3/10?
2, 3, 5, 181
Suppose -47*f = 56*f - 164388. List the prime factors of f.
2, 3, 7, 19
Let m(y) = 107*y + 7. Let q = 9 - 5. Let d be m(q). Suppose -6*r + d = 117. What are the prime factors of r?
53
Let t = 39 + -24. Suppose 5*h = 65 - t. List the prime factors of (-8)/2*(-5)/h.
2
Let i be ((-12)/(-9) + -1)/(2/66). Suppose 0 = c + i - 26. List the prime factors of c.
3, 5
Suppose 5*g = -4*p - 169 + 1924, -p = 5*g - 1770. What are the prime factors of g?
5, 71
Suppose 48*i - 361 = 47*i. List the prime factors of i.
19
Let m = -6 - -1. Let b(d) = d**3 + 4*d**2 - 3*d + 12. List the prime factors of b(m).
2
Let p be (0 - 2/2)*0. Suppose -3*x - 6 = -p*x. List the prime factors of 21*((-8)/6 - x).
2, 7
What are the prime factors of ((-543)/(-4))/(81/2052)?
19, 181
Suppose 2*n - 3*t = 3, 0*n - 10 = -2*n - 4*t. Suppose -2*k + 545 = n*a + 3*k, 2*k - 181 = -a. List the prime factors of a.
5, 37
What are the prime factors of 4944/5 + (-14)/(-70)?
23, 43
Let z = 6048 - 3400. What are the prime factors of z?
2, 331
Let w = -10614 + 14979. What are the prime factors of w?
3, 5, 97
Let b be (-1 + 4 - 3) + 327. Let z = b + -195. List the prime factors of z.
2, 3, 11
Suppose 18 = 3*g + 3*m, g - 4*m = -3*m. Let h = g - -26. List the prime factors of h.
29
Let d = -1 - 0. Let n be (4 - 4)/(d/(-1)). Suppose -k + 22 + 0 = n. What are the prime factors of k?
2, 11
Let r = 13 + -10. Suppose 0 = 2*o + r*o - 465. List the prime factors of o.
3, 31
Let y(u) = u**3 - 8*u**2 + 8*u - 7. Let z(g) = -g**3 + 10*g**2 + 2*g - 12. Let f be z(10). List the prime factors of y(f).
3, 19
Let r be (-104)/(-3) + 8/(-12). Suppose -35 = -r*y + 29*y. What are the prime factors of y?
7
Suppose a + 3*j - 284 = 0, 6*a - 4*a = 4*j + 518. What are the prime factors of a?
269
Let g = 6039 - 3761. What are the prime factors of g?
2, 17, 67
Suppose 5 = 3*m - 2*z - 8, 2*z = -4. Suppose 0 = 4*s + 3*l - 2*l - 145, m*s - l = 114. List the prime factors of s.
37
Let p be -4 + -2 + 2 - -4. Let o(g) = -2*g. Let u be o(p). Suppose u*q = 3*q - 42. List the prime factors of q.
2, 7
Suppose 4*r + 7 = 27. Suppose 0 = -r*q - 1 + 6, 5*u - 4*q = 86. Suppose -u + 182 = 5*w + 4*f, 0 = w - f - 31. List the prime factors of w.
2
Let l(u) = -u + 11. Let x be (11 - (-8)/(-4) - 0)*-1. What are the prime factors of l(x)?
2, 5
Suppose 6*k = 8207 - 1235. What are the prime factors of k?
2, 7, 8